t v be x(5). Suppose -r = -2*r + v. Determine o(r).
-5
Suppose -o + 2 = -2. Suppose 13 = o*f + 1. Let y(r) = 3*r - r**f + 4 - 4*r - 2. What is y(0)?
2
Let g(p) be the third derivative of -p**4/24 - 9*p**2. Suppose 4*b - 4*c = 40, -5*b + 10 = -0*c + 3*c. Calculate g(b).
-5
Let n(t) = -7*t - 1. Let i(h) = 15*h + 2. Let g(a) = 4*i(a) + 9*n(a). Give g(-4).
11
Let w(a) = -4*a + 2. Suppose 4 = -5*o - 6. Let s(p) = 9*p - 4. Let k(n) = o*s(n) - 5*w(n). Suppose 0 = 3*j - 0*j + 6. Give k(j).
-6
Suppose 0 = 5*h + 3*w - 5, 0*w + w = -5. Let o(a) be the third derivative of 0*a + 0 + 1/12*a**h - 3*a**2 - 2/3*a**3. Determine o(3).
2
Let k(x) be the second derivative of 3*x + 0 + 1/2*x**2 + 1/3*x**3. Calculate k(-3).
-5
Let u(i) = i**2 + 3*i - 2. Suppose -4 = -v + 5*v. Let b be (-3)/1*v/3. Suppose 0 = -r - 4 + b. Determine u(r).
-2
Let m be 5/2*((-156)/(-15) + -8). Let p(f) be the first derivative of f**3/3 - 3*f**2 + 7*f - 1. Calculate p(m).
7
Let a(h) = 2*h - 2. Let v(s) = 2*s**2 - s + 3. Let l be v(-2). Suppose -5*b + 4 = -6. Suppose -9 = -3*k, -5*f - b*k + l = -13. Determine a(f).
6
Let n = -68 - -73. Let z(c) = -c**3 + 4*c**2 + 5*c + 4. Calculate z(n).
4
Suppose 0 = 3*p - 7*p - 8. Let g(f) = f - 3. Let s be g(0). Let d be 1/s*(p - 1). Let n(b) = 7*b - 1. Calculate n(d).
6
Let h(k) = -k**3 + 4*k**2 - k. Let t = -5 - -8. Suppose 3*d - 2*i - 11 = 0, -4*d = -t*i + 2*i - 13. What is h(d)?
6
Let n(u) = 10*u**2 + 2*u + 1. Let m = 1 + -1. Let x = m - 0. Suppose 6*p - 2*p - 4*y = -4, p - 3*y + 1 = x. What is n(p)?
9
Let c be -1 + 0 - (1 - 1). Let l be c/(-1 - 0/(-3)). Let r(x) = -6*x + 1. Calculate r(l).
-5
Suppose -4*n = -1 - 7. Let p(l) = 2*l**2 - 3*l. Let d be p(n). Let i(t) = 9 + 2*t - t - d*t. What is i(4)?
5
Let b(m) be the first derivative of -3*m**2/2 + 4*m + 3. Let o(x) = x - 1. Let f(z) = b(z) + 2*o(z). Let v = 8 - 6. Give f(v).
0
Let j(z) = z**2 + 6*z. Let d be (0 + -1)*(-2 - -8). Give j(d).
0
Let l(o) = -3*o**3 + 10*o**2 - o - 4. Let r(x) = 10*x**3 - 29*x**2 + 4*x + 11. Let n(m) = -7*l(m) - 2*r(m). Determine n(12).
-6
Let o(m) be the first derivative of m**4/4 + 7*m**3/3 + 4*m**2 + 9*m - 9. Let w = -1 + 6. Suppose -w*r + 18 = 48. Give o(r).
-3
Let t(q) be the third derivative of 0 + 0*q - 2*q**2 + 1/3*q**4 - 1/6*q**3. Determine t(1).
7
Let b(d) = -d**3 - 2*d**2 + 2*d - 1. Let n be b(-3). Let x(w) = 4*w**n + 0 - 6*w**2 + w**3 - 4. Determine x(3).
5
Let k be 12/(-5)*(-30)/12. Let i be (-51)/(-6) + 2/4. Suppose -3*d + i = -k*d. Let f(b) = b**3 + 3*b**2 + b + 4. Determine f(d).
1
Let r(d) = d - 3. Let w be r(7). Let s(m) = -m - m + m + w - 1. Determine s(5).
-2
Let x(v) = 31*v**3 + v**2. Let f be x(1). Let j(q) = -17*q + f*q - 17*q - 9. Determine j(-6).
3
Let c(w) = 2 - 2 - 4*w. Give c(1).
-4
Let d(g) = -g**2 - 5 + 2*g**2 + 8*g + 0*g. Let i be d(-8). Let y(f) = f**3 + 6*f**2 + 4*f - 7. Give y(i).
-2
Let k(r) be the first derivative of 4 + 0*r + 1/3*r**3 - 3/2*r**2. Calculate k(3).
0
Let v(u) = -u - 2. Suppose -4*o = -3*q + 26, -3*q = -o - 16 + 5. Let b = -9 - -13. Suppose 3*m = 9, -3*t - b*m = -q*t - 7. Determine v(t).
3
Let x = -26 + 31. Let n(w) be the third derivative of w**6/120 - w**5/10 + w**4/3 - w**3 + 2*w**2. Calculate n(x).
9
Let s(w) = -2*w - 2. Let k(f) = f + 3. Let p(c) = -2*c - 6. Let l(v) = 5*k(v) + 3*p(v). Let x be l(-3). Suppose x = 5*a + 20 - 5. What is s(a)?
4
Let o(d) = d + 3. Suppose 0 = 2*p + 2*p. Calculate o(p).
3
Let j(r) be the first derivative of r**6/120 + r**5/15 + r**4/8 + r**3/3 - 9*r**2/2 + 6. Let f(g) be the second derivative of j(g). Calculate f(-3).
2
Suppose -2*r = -0*r + 28. Let q = 14 + r. Let o(v) = v + 10. Calculate o(q).
10
Let w(s) = -s**3 + 9*s**2 - 2*s + 7. Let z(o) = o**3 - 10*o**2 + 3*o - 7. Let d(g) = 6*w(g) + 5*z(g). Determine d(5).
-3
Let n(g) be the second derivative of g**4/6 + g**3/3 + g**2/2 - 8*g. Calculate n(-3).
13
Suppose -5*z = 3*g - 4, 2*z = -3*z + 25. Let p be -5 - (-9)/3 - g. Let y(h) = -h + 12. Calculate y(p).
7
Let p(k) = k**2 - 8*k + 9. Let b be p(6). Let i(q) be the third derivative of -q**4/24 - q**3/2 + q**2. What is i(b)?
0
Let g = -137 - -142. Let q(t) = t**2 - t - 7. Determine q(g).
13
Let d be (3 - -1)/((-2)/4). Let y = 20 + d. Suppose -4*m = y, 8 = -v + 2*v - 3*m. Let x(w) = 8*w**3 - 1. What is x(v)?
-9
Let u be (-32)/(-80) - (-24)/(-10). Let n(f) = 2*f**2 + 3*f + 3. Give n(u).
5
Let s(u) = -u - 1. Let d be s(-4). Suppose 4*l + 2*a + 18 = 0, d*l = -8*a + 3*a - 3. Let b(n) = -n**3 - 6*n**2 + 4. Determine b(l).
4
Let c(a) be the second derivative of -a**3/6 + 3*a**2/2 - 6*a. What is c(-5)?
8
Let x(t) = 2*t**2 - 10*t + 2. Let i be x(5). Let a(g) = -g**3 - g**2 + 2*g - 1. Calculate a(i).
-9
Let q(k) = -6*k**3 + 6*k**2 + 2*k + 1. Let p(m) = m**3 - m - 1. Let f(l) = -5*p(l) - q(l). Give f(5).
-6
Suppose -3*c + 5 + 1 = 0. Let g be c/(-6)*(7 - 1). Let x be 5/2 - (-1)/g. Let p(q) = -2*q + 1. Calculate p(x).
-3
Let j(r) be the second derivative of -r**5/20 + r**4/4 - r**3/2 - 2*r. Suppose n - 1 = 2. Give j(n).
-9
Let t(o) = -19*o**3 + 37*o**3 - 17*o**3 + 8*o**2 + 8*o + 2. Let m be t(-7). Let j(u) = -u - 3. Give j(m).
2
Let z = -7 - -7. Let n(w) = 0*w - 5*w + w**2 + z*w - 2 - 1. Determine n(6).
3
Let b(t) be the third derivative of -t**5/6 - t**3/6 + 2*t**2. Let x(u) = -u**2 + 3*u - 2. Let d be x(4). Let m = d + 5. Calculate b(m).
-11
Suppose 5*z + 3*q = -5, 4*z + 3*q = -q - 12. Let u(x) = 3*x**2 - 2. Determine u(z).
10
Let v(w) = -w**2 - 5*w + 3. Let i(q) = 6*q - 3. Let j(f) = -2*i(f) - 3*v(f). Determine j(3).
33
Let b(v) = 4*v + 1. Let k(x) = x**2 - 9*x + 21. Let r be k(6). Determine b(r).
13
Suppose b = -5*y + 4, -5*b + y + 48 = -2*y. Suppose -b = o - 4*o. Let g(u) = 6*u**3 - 3*u**3 - u**o + u. Give g(-1).
-3
Let j(n) be the third derivative of -n**6/120 - n**5/30 + n**4/8 + n**3/6 + 6*n**2. What is j(-3)?
1
Let b(m) = -1 - m**2 - m - 6*m**3 + 1 + 7*m**3. Give b(0).
0
Let z(q) = -q**3 - 5*q**2 + 7*q + 1. Let b = 6 + -12. Calculate z(b).
-5
Let s(a) = 7*a**2 - a. Let u = -9 + 7. Let b be ((-1)/2)/(1/u). What is s(b)?
6
Let w(c) be the third derivative of -c**6/120 + c**5/60 + c**4/6 - c**3/2 - 2*c**2. Let i = -15 - -7. Let z be (i/(-16))/((-1)/(-4)). Calculate w(z).
1
Let x(d) = -3*d**3 + 3*d**2 + 3. Let c(m) = -m**3 - m - 1. Let r(z) = -2*c(z) + x(z). Suppose 0*s = 2*s + 5*a - 23, -3*s = a - 15. Calculate r(s).
-3
Let j(z) = 6*z**2 - 2*z + 1. Let l(a) = 3*a**2 - 1 - 2*a**2 + a**3 + 1 - a. Let w be l(1). Calculate j(w).
5
Let a(o) = 2*o**2 + o + 3. Let q(p) = p**2 + p + 2. Let r(c) = 4*a(c) - 7*q(c). Calculate r(4).
2
Let u(n) be the second derivative of 3*n - 1/6*n**3 + n**2 + 1/12*n**4 + 0. Calculate u(-3).
14
Let i(d) be the first derivative of -d**3/3 - d**2/2 - d - 14. Give i(-3).
-7
Let b(o) = -10*o**2 - 4*o + 10. Let h(v) = -7*v**2 - 3*v + 7. Let t(z) = 5*b(z) - 7*h(z). Give t(2).
-1
Suppose 3*r + 0*r = 9. Let y(n) = -n**2 + 2. Give y(r).
-7
Let s(k) = k**3 + k**2 - k + 3. Let b be s(0). Let q(r) be the second derivative of 13*r + 0 - 1/6*r**3 + 1/2*r**2. Determine q(b).
-2
Let t(b) = -b**3 + 5*b**2 + 6*b - 5. Suppose -36 = 3*a - 6*a. Suppose -3*s - a = -5*s. Give t(s).
-5
Let z(r) = -r**2 + r + 2. Suppose 2*h + 16 = 3*w, 0 = -3*h - 2 - 13. Let v(q) = q + 4. Let l be v(-4). Suppose -4 = -l*y - w*y. Give z(y).
0
Let o(s) = s**3 - 3*s**2 + s. Let b be 2 + -2 + 2 + 1. Determine o(b).
3
Let q(f) = f**3 - 8*f**2 + 10*f - 10. Let z(g) = g**2 + 20*g + 7. Let k be z(-20). Calculate q(k).
11
Let v(t) be the first derivative of -t**2/2 - 2*t + 3. Suppose -f + 5 - 3 = 0. What is v(f)?
-4
Let p(i) be the second derivative of 0 - 3/2*i**2 - 1/3*i**3 - i. Give p(3).
-9
Let a(i) be the second derivative of i**4/12 + i**3/6 + 3*i**2/2 - i + 2. Determine a(-4).
15
Let f(u) = -5*u**3 + 8*u**2 + 13*u - 13. Let r(x) = -2*x**3 + 4*x**2 + 6*x - 6. Let b(j) = -3*f(j) + 7*r(j). What is b(-3)?
-3
Let c(h) be the second derivative of h**4/12 + h**3/6 - h. Determine c(0).
0
Let p(y) = -2*y**2 - 3*y + 3. Let w(t) = -2*t**2 - 3*t + 2. Let d(z) = 4*p(z) - 5*w(z). What is d(-3)?
11
Let m(i) be the second derivative of 0 - 3*i + 3*i**2 + 1/3*i**3. Give m(-4).
-2
Let b(j) = -j**3 - 3*j**2 - j - 1. Let n(l) = l**3 - 5*l**2 - 7*l + 4. Let k be n(6). Let h be b(k). Let u(r) = -r**3 - 3*r**2 + 3. Determine u(h).
3
Let 